 y*h + 2 = 5, -2*h = 2*i. Let q = 10 - i. What is the remainder when q is divided by 4?
1
Suppose 35 = v - 2*n, -v - n = n - 19. Suppose 0 = 5*j + 11 - 31. Let h(q) = -q**2 + 7*q - 6. Calculate the remainder when v is divided by h(j).
3
Suppose -9*j + 12*j - 18 = 0. Suppose -50 = -j*l + l. Let n = 18 + -1. What is the remainder when n is divided by l?
7
Let d be (-6)/5*(-5)/2. Suppose -2*s - 306 = -8*s. Suppose -d*z + s = 3*q - 18, 2*z + 26 = q. What is the remainder when 69 is divided by q?
21
Suppose -m - 19 = -2*d + 27, m = d - 49. Let w = m + 91. What is the remainder when w is divided by 14?
11
Suppose 2*m - c = -4, -4*m - 5*c + c = -4. Let z(b) = 4*b + 14. Calculate the remainder when z(-3) is divided by -2 + 1 + m + 3.
0
Suppose 0*t + t - 9 = 0. Suppose -t*v + 10*v - 10 = 0. What is the remainder when 39 is divided by v?
9
Let r(f) = -124*f**3 - f. Calculate the remainder when r(-1) is divided by (4 - 46)/(-2 + 0 - 0).
20
Let r(a) = -10*a + 141. Calculate the remainder when 32 is divided by r(12).
11
Let g = -86 - -89. Suppose 0 = -u - 2*k - g*k + 116, 388 = 4*u + k. Calculate the remainder when u is divided by 33.
30
Suppose 3*s + 42 = 81. Calculate the remainder when s is divided by 2.
1
Suppose -4*z - g = -8*z + 24, 4*z - 5*g = 24. Suppose 0*q + 4*q + 5*s - 28 = 0, -2*q + s = 0. Calculate the remainder when ((-3)/z - -1)*4 is divided by q.
0
Suppose -3*w = 2*y - 132, -4*w + 77 = 2*y - 51. Calculate the remainder when 647 is divided by y.
71
Let j(a) = a**2 + 22*a + 102. Calculate the remainder when 145 is divided by j(-6).
1
Let r(c) = 39*c + 21. Calculate the remainder when r(2) is divided by 26.
21
Let u(g) = g**2 + 10. Let i(p) = -p**2 - 3*p + 11. Suppose h = -4*h - 20. What is the remainder when u(0) is divided by i(h)?
3
What is the remainder when 38 is divided by (6/14)/(120/1960)?
3
Let a = -1298 + 1311. What is the remainder when 307 is divided by a?
8
What is the remainder when 106/13 - (-14)/(-91) is divided by 5?
3
Suppose -2*q = 4*u - 0*u - 166, 209 = 5*u + 3*q. What is the remainder when 132 is divided by u?
12
Let m = -7 - -10. Suppose m*t + a = 266, -94 = -t - 0*t + 5*a. Calculate the remainder when t is divided by (7 + -2 + -14)*10/(-3).
29
Suppose -12*d = -246 - 126. What is the remainder when d is divided by 4?
3
Let r(w) = w + 1. Suppose -296 = -611*u + 603*u. What is the remainder when u is divided by r(7)?
5
Let v(m) = 26*m**3 + m - 2. Calculate the remainder when v(1) is divided by 14.
11
Suppose -5*t + 0*t + 730 = 0. What is the remainder when t is divided by 21?
20
Calculate the remainder when (2 + -3)/(49/(-2205)) is divided by 5.
0
Suppose 5*r + 4*b - 8 = 4*r, -r + 9 = 3*b. What is the remainder when 34 is divided by r?
10
Suppose -2*u - 4 = -4*u. What is the remainder when u + -4 + (69 - 4) is divided by 17?
12
Let l be -5 - ((-5)/1 - 4). Suppose -3*p + 12 = 0, 4*u + 2*p - 44 = -l. What is the remainder when 25 is divided by u?
1
Suppose -569 = -9*c + 16. Calculate the remainder when c is divided by 38.
27
Let l(m) = -m**2 + 14*m - 11. Let q be -4 - 0 - -2 - (-15 + 2). Calculate the remainder when l(q) is divided by 9.
4
Let d = -10 + 12. Suppose 1094 = d*f + 250. Suppose -112 + f = 5*x. What is the remainder when x is divided by 21?
20
Suppose -3*n + 5*n + 2*j - 82 = 0, -4*j - 4 = 0. Suppose 28 + 32 = -10*f. Let k(q) = -6*q - 25. Calculate the remainder when n is divided by k(f).
9
Calculate the remainder when (-1278)/(-10) - 49/(3185/(-78)) is divided by 26.
25
Let x = -128 - -10. Let s = x + 165. What is the remainder when s is divided by 16?
15
Let h = 1631 + -1623. Suppose -7 = k + 1. Calculate the remainder when h is divided by 2/k + (-21)/(-4).
3
Let p = -54 + 56. Suppose 0 = 4*w - 4*c - 228, 4*w + p*c = -87 + 345. What is the remainder when w is divided by 21?
20
Let w(r) = r**3 - 7*r**2 - r - 3. Suppose -2*q - 9 = 5*t, 2*q = 2*t - 5*t + 1. What is the remainder when w(q) is divided by 19?
15
Suppose 99 = 3*v + 15. What is the remainder when v is divided by ((-114)/(-95))/(1/(40/3))?
12
Let p(d) = -3*d - 19. Let z be p(-8). Suppose -2*b + 10 = 0, -2*n - z*b + 51 = 14. Calculate the remainder when 14 is divided by n.
2
Suppose -2*h - h + 78 = 0. Let z(i) = i**3 + 5*i**2 + 2*i - 4. What is the remainder when h is divided by z(-4)?
2
Let r = 646 + -460. Let v be (-1)/(-3) + 10/(-30). Suppose v = 7*k - k - r. Calculate the remainder when k is divided by 16.
15
Let f = -24 + 51. Suppose -9*y + 8 = r - 6*y, -3*r + 5*y = -24. What is the remainder when f is divided by r?
3
Let q(n) = -5*n - 1. What is the remainder when (62/6)/(6/18) is divided by q(-2)?
4
Let q(u) = u**3 + 6*u**2 + 6*u - 4. Let f be q(-3). Calculate the remainder when (0/f - -85) + 3 is divided by 18.
16
Let r = 47 + -10. Suppose r = -q + 84. What is the remainder when 184 is divided by q?
43
Let a = 19 + -4. Suppose 22*k - 256 = -36. What is the remainder when a is divided by k?
5
Suppose 7 = o + 4. Suppose 2*q + 42 = 4*f, 3*f = 4*f - 3*q - o. Suppose 8 = -4*s + 28. What is the remainder when f is divided by s?
2
Let r(n) = -n - 11. What is the remainder when 404 is divided by r(-26)?
14
Let q = -12 - -7. What is the remainder when 31 is divided by 3*q/(-30)*22?
9
Let w(a) = a**3 - 4*a**2 + 6*a - 4. Let x(l) = -11*l**3 + 69*l**2 - 15*l - 12. What is the remainder when w(5) is divided by x(6)?
3
Suppose 5*b - 20 = -5*b. Suppose 4*m + 5 = b*y - 9, 5*y = -2*m + 11. What is the remainder when 20 is divided by y?
2
Let j = -304 - -176. Let b be j/(-20) + (-4)/10. Suppose -u - b = -20. Calculate the remainder when 53 is divided by u.
11
Let q(t) = 2*t**2 - 6*t - 7. Let o be q(6). Suppose n = -2*b + o, 3*n + 23 = -b + 95. Calculate the remainder when n is divided by (16/5)/(2/5).
7
Let n(f) = -7*f + 13. Let m(j) = -9*j + 14. Let b(z) = -2*m(z) + 3*n(z). Suppose -5*v = -0*v. Calculate the remainder when 21 is divided by b(v).
10
Suppose 1469 = 26*j - 247. Calculate the remainder when j is divided by 28.
10
Suppose -k - 3*d = -17, -3*d = 3*k - 0*k - 33. Let s = -103 + 105. Suppose 5*w + x = 80, s*x + 11 + 24 = 3*w. What is the remainder when w is divided by k?
7
Suppose 3*k + 193 = 5*z, 2*z + 0*z = -k + 75. Calculate the remainder when 42 is divided by z.
4
Suppose 498 - 123 = 25*q. Calculate the remainder when 554 is divided by q.
14
Suppose 0 = -2*t + 1 + 7. Suppose -104 = -5*v + t*v. Calculate the remainder when v is divided by 18.
14
Let s = 4 + 20. Calculate the remainder when 27/(-12) + 2 + 366/s is divided by 6.
3
Let n be 0 - (-1 - (1 + 2)). Let l(j) = -j**2 + 6*j - 3. What is the remainder when 12*(4/(-12) + (8 - 7)) is divided by l(n)?
3
Suppose -7*l - 144 = -4*s - 3*l, 0 = 2*s - 5*l - 78. Calculate the remainder when 113 is divided by s.
11
Suppose 47*q = 48*q + 34. Calculate the remainder when 4/(-1) - q/2 is divided by 2.
1
Suppose -4*y + 2*n + 118 = -y, y = -2*n + 42. What is the remainder when 959 is divided by y?
39
Suppose -5*b = 6*a - a - 265, -b = 1. Let l = a - 44. What is the remainder when 29 is divided by l?
9
Let o = -26 + 28. Suppose -z - o = -65. Calculate the remainder when z is divided by 22.
19
Let u = 123 - 212. Calculate the remainder when (3 - u/5)*(-10)/(-2) is divided by 21.
20
Let x(w) = 5*w**2 - w + 2. Suppose -16*d = -20*d - 2*o + 680, 0 = -2*o - 8. What is the remainder when d is divided by x(3)?
40
Let a(o) = o**3 - 5*o**2 - 24*o + 4. Let r be a(8). Suppose 28 = r*i + 12. What is the remainder when 31 is divided by i?
3
Suppose 3*m + 6 = 0, 5*q + 4*m - 16 + 4 = 0. Let i be -1*1/((-1)/8). Let c(n) = 2*n - 2. What is the remainder when c(i) is divided by q?
2
Let f = 153 + 76. What is the remainder when f is divided by (3 - -26 - 6)*2?
45
What is the remainder when 71 is divided by -74 - -75 - (-36)/1?
34
Let s be (17 + -1)*(-1 + 0). Let g = s + 26. Suppose 20 = 5*d - 120. What is the remainder when d is divided by g?
8
Let o(m) = -6*m + 32*m**2 - 74*m**2 - 1 + 44*m**2. Let n = 0 - -6. What is the remainder when 68 is divided by o(n)?
33
Suppose -a + u = -1482, 2761 = -5*a + u + 10167. Calculate the remainder when a is divided by 55.
51
Let w(b) = b**3 + 10*b**2 - 11*b. Let u be w(-11). Suppose -5*k - 169 + 984 = u. What is the remainder when k is divided by 15?
13
Let g = -13 + 4. Let c be g - (-4 - -1)/